- 86. Calculate i(3).
4
Let v(n) = 254*n**3 - 13*n - 12. Calculate v(-1).
-253
Let p(d) = -235*d + 1631. Determine p(7).
-14
Let b(x) = -x**3 - 97*x**2 - 455*x + 475. Give b(-92).
15
Let y(x) = -115*x - 1035. Determine y(-9).
0
Let q(k) = -37*k + 678. What is q(18)?
12
Let n(j) = -j**3 - 13*j**2 + 319*j + 2667. Determine n(-22).
5
Let s(q) = -321*q - 214. Calculate s(-1).
107
Let p(h) = -3*h**2 + 48*h + 235. Calculate p(20).
-5
Let j(d) = d**3 + 51*d**2 - 221*d - 2. Give j(-55).
53
Let a(l) = 2*l**2 + 34*l - 155. What is a(-21)?
13
Let l(b) = -138*b - 40432. Determine l(-293).
2
Let z(y) = -372*y**3 + 3*y**2 + 2*y. Determine z(-1).
373
Let i(o) = 3*o**3 - 39*o**2 + 19*o + 208. What is i(12)?
4
Let k(f) = f**3 - 94*f**2 - 83*f - 1134. What is k(95)?
6
Let y(h) = -54*h + 701. What is y(13)?
-1
Let m(n) = -n**3 + 69*n**2 + 6*n - 274. Determine m(69).
140
Let k(a) = -122*a - 970. Determine k(-9).
128
Let o(k) = -35*k**2 - 17*k. What is o(-2)?
-106
Let n(x) = 7*x**3 - 106*x**2 + 15*x + 15. What is n(15)?
15
Let s(n) = -6*n**3 + 49*n**2 - 15*n + 56. Give s(8).
0
Let y(u) = -124*u - 673. Give y(-6).
71
Let l(x) = x**3 + 113*x**2 + 219*x - 341. Calculate l(-111).
-8
Let j(p) = 188*p**3 + 4*p**2 + 5*p + 3. What is j(-1)?
-186
Let b(g) = 5*g**3 + 59*g**2 + 143*g + 154. Calculate b(-9).
1
Let p(n) = -3*n**2 - 126*n - 737. Determine p(-35).
-2
Let z(h) = -h**2 + 323*h - 21250. Calculate z(92).
2
Let l(f) = -f**2 - 22*f + 87. Determine l(-25).
12
Let q(t) = t**2 + 359*t - 3318. What is q(9)?
-6
Let y(b) = b**3 + 6*b + 13. Calculate y(-4).
-75
Let u(g) = 6*g**2 - 42*g - 21. What is u(6)?
-57
Let h(n) = 53*n - 3379. Calculate h(67).
172
Let b(g) = 180*g + 1028. What is b(-6)?
-52
Let z(g) = 427*g**2 - 10*g - 16. Give z(-1).
421
Let t(n) = 185*n - 6173. What is t(33)?
-68
Let m(y) = 3*y**3 + 20*y**2 - 14*y - 62. Calculate m(-7).
-13
Let u(d) = -2*d**3 + 42*d**2 + 15*d - 380. Calculate u(21).
-65
Let j(n) = -1767*n + 83. What is j(0)?
83
Let y(o) = -o**2 + 74*o + 215. Calculate y(78).
-97
Let i(w) = w**2 + 46*w + 105. Give i(-18).
-399
Let g(s) = 1353*s + 5493. Determine g(-4).
81
Let j(c) = -25*c**2 + 269*c + 55. What is j(11)?
-11
Let n(y) = -252*y - 18899. What is n(-75)?
1
Let w(i) = -i**3 + 20*i**2 + i - 1. Calculate w(20).
19
Let v(f) = -f**3 - 8*f**2 - 7*f - 22. Determine v(-8).
34
Let f(p) = 2*p**2 + 382*p + 1486. Determine f(-187).
-10
Let y(t) = t**3 + 11*t**2 - 5*t - 2. Calculate y(-7).
229
Let z(a) = 80*a - 86. Determine z(-3).
-326
Let g(f) = -9*f**3 - 82*f**2 + 20*f + 251. Calculate g(-9).
-10
Let f(h) = -24*h + 1364. Calculate f(58).
-28
Let q(y) = y**3 + 26*y - 6. What is q(-7)?
-531
Let h(q) = -9*q**3 - 124*q**2 - 353*q - 10. Determine h(-4).
-6
Let y(u) = -u + 100. Calculate y(-48).
148
Let i(a) = a**3 - 76*a**2 + 132*a + 1284. Give i(74).
100
Let u(m) = 75*m**2 - 25*m - 24. Determine u(-1).
76
Let h(v) = 83*v - 667. What is h(8)?
-3
Let l(j) = -9*j**2 - 6*j + 93. Calculate l(6).
-267
Let a(z) = 2*z**3 + 6*z**2 - 178*z - 20. What is a(-11)?
2
Let d(b) = -b**3 + 38*b**2 + 77*b + 123. What is d(40)?
3
Let p(q) = 83*q - 110. Determine p(-3).
-359
Let v(h) = -h**3 - 78*h**2 - 423*h + 22. What is v(-6)?
-32
Let d(p) = 2*p**2 - 2*p + 1. Determine d(4).
25
Let i(z) = 36*z + 1904. What is i(-48)?
176
Let q(g) = g**2 + 35*g + 47. What is q(-33)?
-19
Let x(j) = 113*j - 400. Give x(6).
278
Let o(n) = 2*n**3 - 67*n**2 - 251*n + 72. What is o(37)?
368
Let h(k) = -3*k**2 + 38*k + 43. Give h(14).
-13
Let x(q) = -7*q**3 - 5*q**2 + 2*q + 26. Give x(-5).
766
Let x(v) = 2*v**3 + 11*v**2 + 10*v - 18. Determine x(-6).
-114
Let u(k) = 70*k + 1479. Give u(-21).
9
Let k(r) = -2*r**3 + 3*r**2 - 12*r + 6. Give k(2).
-22
Let f(t) = -9*t - 219. Calculate f(-16).
-75
Let c(l) = -l**2 - 50*l - 555. Determine c(-16).
-11
Let x(y) = -y**3 + 129*y**2 + 130*y + 141. Calculate x(130).
141
Let g(r) = 2*r**3 + 80*r**2 + 237*r + 7. Determine g(-3).
-38
Let z(w) = w**3 - 7*w**2 + 151*w - 1098. Determine z(7).
-41
Let l(v) = v**2 - v - 38. What is l(12)?
94
Let j(f) = 3*f**3 + 38*f**2 - 9*f - 24. Determine j(-13).
-76
Let t(n) = -19*n - 283. Calculate t(0).
-283
Let n(c) = -48*c + 3940. Calculate n(84).
-92
Let z(d) = 46*d + 4229. Calculate z(-93).
-49
Let g(v) = v**3 + 11*v**2 - 20*v - 15. Give g(-12).
81
Let k(d) = -2*d**2 - 8*d + 1582. What is k(26)?
22
Let c(n) = -n**2 - 133*n - 1454. Give c(-12).
-2
Let m(w) = -w**3 + 12*w**2 + 9*w - 11. Calculate m(13).
-63
Let c(w) = -159*w - 56. Calculate c(-2).
262
Let u(f) = 87*f**2 - 4*f + 15. Give u(2).
355
Let t(h) = 418*h + 9231. Calculate t(-22).
35
Let h(x) = -582*x + 212. Give h(1).
-370
Let u(q) = 171*q + 14. Determine u(-1).
-157
Let q(u) = -4*u**2 + 5*u + 60. Calculate q(8).
-156
Let x(p) = 184*p**2 + 63*p + 61. Determine x(-1).
182
Let h(o) = -6*o**2 - 7*o - 204. Give h(0).
-204
Let c(j) = -j**2 - 35*j + 430. Calculate c(10).
-20
Let x(k) = 83*k + 496. Determine x(-13).
-583
Let i(w) = 6*w + 217. Give i(-17).
115
Let z(y) = 184*y - 23942. Give z(130).
-22
Let n(h) = -188*h - 418. What is n(-2)?
-42
Let n(s) = 329*s + 192. What is n(-2)?
-466
Let r(d) = 6*d**3 + 222*d**2 + 4*d + 153. Calculate r(-37).
5
Let i(f) = 7*f**2 + 54*f + 19. Calculate i(-8).
35
Let o(w) = -w**3 + 6*w**2 - 74*w + 370. What is o(5)?
25
Let l(t) = 622*t - 2453. Calculate l(4).
35
Let h(i) = -i**3 - 48*i**2 - 100*i - 376. Determine h(-46).
-8
Let x(v) = v**3 - 12*v**2 - 13*v - 106. Calculate x(13).
-106
Let l(y) = -y**2 - 14*y - 86. What is l(-9)?
-41
Let k(b) = -28*b + 17. Calculate k(-5).
157
Let k(c) = -2*c**3 + 28*c**2 + 103*c - 12. Determine k(17).
5
Let a(r) = r**2 + 3*r - 1341. Calculate a(34).
-83
Let t(n) = -170*n**2 - 3407*n - 138. Determine t(-20).
2
Let g(i) = 36*i**2 + 51*i + 12. Give g(-1).
-3
Let k(c) = -1169*c + 9286. Give k(8).
-66
Let a(n) = n**3 + 38*n**2 - 79*n - 79. Calculate a(-40).
-119
Let a(l) = 99*l + 1084. Calculate a(-11).
-5
Let z(x) = x**2 + 2*x + 2. What is z(-3)?
5
Let v(a) = 5*a**3 + 93*a**2 - 34*a + 147. What is v(-19)?
71
Let x(f) = f**3 + 20*f**2 + 94*f + 24. Give x(-10).
84
Let q(h) = -h**3 - 7*h**2 - 8*h - 1. What is q(-6)?
11
Let z(j) = -6*j**2 + 7*j - 5. What is z(1)?
-4
Let n(i) = 2*i**2 + 44*i - 834. Determine n(12).
-18
Let b(g) = 57*g**2 - 1992*g - 100. What is b(35)?
5
Let o(l) = l**2 + 497*l + 22750. Determine o(-51).
4
Let c(b) = b**2 + 6*b - 3255. Determine c(54).
-15
Let m(t) = -t**2 - 6*t - 17. Give m(-3).
-8
Let i(f) = -27*f**3 - 863*f**2 + 34*f + 146. Determine i(-32).
82
Let p(d) = -31*d**2 - 167*d - 15. What is p(-5)?
45
Let w(d) = -11*d**3 + d**2 - 54*d - 55. Give w(-1).
11
Let s(j) = -j**2 - 60*j + 602. What is s(-70)?
-98
Let j(h) = -2*h**2 + 182*h - 306. Determine j(89).
50
Let q(f) = -f**3 - 3*f**2 + 5*f - 14. Give q(2).
-24
Let o(n) = -n**3 - n**2 + 4*n - 8. What is o(3)?
-32
Let y(m) = 9*m**2 - 31*m + 66. Calculate y(6).
204
Let l(m) = -m**2 + 18*m + 6362. Calculate l(90).
-118
Let o(n) = n**3 - 9*n**2 + 10*n + 1. Give o(6).
-47
Let y(m) = -m**2 + 44*m - 465. Calculate y(31).
-62
Let n(w) = -691*w - 68393. What is n(-99)?
16
Let v(z) = -4*z**2 + 4*z + 52. Determine v(5).
-28
Let s(n) = 214*n - 1066. Give s(6).
218
Let i(n) = -51*n - 464. Determine i(-9).
-5
Let r(j) = 6*j**2 + 197*j - 15. Give r(-33).
18
Let f(o) = -o**3 + 45*o**2 - 8*o + 446. Calculate f(45).
86
Let j(f) = -f**3 + 6*f**2 - 2*f - 11. Give j(9).
-272
Let o(h) = 472*h - 37785. Calculate o(80).
-25
Let x(b) = -5*b**2 - 8*b + 75. What is x(5)?
-90
Let i(t) = -t**2 + t + 2906. Give i(-53).
44
Let t(h) = 10*h - 1476. What is t(147)?
-6
Let x(z) = -z**2 - 9*z + 1059. Determine x(33).
-327
Let u(o) = -o**2 + 9*o + 279. What is u(22)?
-7
Let g(u) = -u**3 - 282*u**2 + 246*u - 10477. Determine g(-283).
-6
Let u(i) = -113*i**2 - i + 1. Calculate u(-1).
-111
Let f(o) = o**3 - 7*o**2 - 30*o + 12. Give f(-3).
12
Let f(x) = 8*x**2 - 52*x - 5. What is f(11)?
391
Let x(t) = -2*t**2 + 78*t + 242. Determine x(42).
-10
Let g(d) = -d**3 + 355*d**2 + 3273*d + 1089. Give g(364).
-3
Let a(z) = -2*z**2 - 48*z - 184. Give a(-5).
6
Let g(w) = w**3 - 18*w - 82. Give g(-4).
-74
Let d(z) = -703*z - 5625. Give d(-8).
-1
Let k(o) = -o**2 - 6*o + 118. Determine k(-23).
-273
Let i(n) = -1396*n + 47461. What is i(34)?
-3
Let d(f) = -15*f - 188. What is d(3)?
-2